y 48352.
963
Calculate the remainder when 14784401 is divided by 6173.
66
What is the remainder when 248459 is divided by 24828?
179
What is the remainder when 8276048 is divided by 1048?
1040
What is the remainder when 10624938 is divided by 274?
40
What is the remainder when 188031320 is divided by 5779?
5776
What is the remainder when 1193798 is divided by 8?
6
Calculate the remainder when 1036432 is divided by 951.
793
What is the remainder when 33586504 is divided by 2603?
2598
Calculate the remainder when 875154 is divided by 25.
4
What is the remainder when 263849 is divided by 249284?
14565
Calculate the remainder when 23006035 is divided by 301.
3
Calculate the remainder when 3000224 is divided by 1500103.
18
Calculate the remainder when 1526973 is divided by 1192.
21
What is the remainder when 309542 is divided by 58?
54
What is the remainder when 2482359 is divided by 827447?
18
What is the remainder when 5556454 is divided by 115759?
22
What is the remainder when 762395 is divided by 698?
179
Calculate the remainder when 58226 is divided by 1619.
1561
Calculate the remainder when 106220280 is divided by 387.
3
What is the remainder when 85890 is divided by 14153?
972
Calculate the remainder when 47731 is divided by 22732.
2267
What is the remainder when 19111588 is divided by 6927?
6922
Calculate the remainder when 96147 is divided by 2898.
513
Calculate the remainder when 18280 is divided by 205.
35
What is the remainder when 1107642 is divided by 182?
172
Calculate the remainder when 1154038 is divided by 576938.
162
Calculate the remainder when 705591 is divided by 7587.
0
Calculate the remainder when 971182 is divided by 3932.
3910
Calculate the remainder when 1376539 is divided by 203.
199
Calculate the remainder when 5321754 is divided by 6.
0
What is the remainder when 212296678 is divided by 510?
508
What is the remainder when 517812 is divided by 13991?
145
Calculate the remainder when 37907251 is divided by 13.
5
Calculate the remainder when 27179 is divided by 6658.
547
What is the remainder when 2025419 is divided by 675130?
29
Calculate the remainder when 217807 is divided by 2981.
194
Calculate the remainder when 17694 is divided by 15428.
2266
What is the remainder when 541227 is divided by 134?
1
Calculate the remainder when 1076960 is divided by 22.
16
What is the remainder when 213018 is divided by 1664?
26
Calculate the remainder when 2845737 is divided by 948570.
27
Calculate the remainder when 96941807 is divided by 1555.
1552
Calculate the remainder when 26321877 is divided by 1833.
1830
Calculate the remainder when 15151428 is divided by 2107.
2098
What is the remainder when 256954296 is divided by 1681?
1679
What is the remainder when 1163854 is divided by 333?
19
What is the remainder when 29473103 is divided by 297?
11
What is the remainder when 9148 is divided by 4459?
230
Calculate the remainder when 189912725 is divided by 379.
373
Calculate the remainder when 55916 is divided by 2908.
664
Calculate the remainder when 130958 is divided by 2567.
41
Calculate the remainder when 17527 is divided by 568.
487
What is the remainder when 1636 is divided by 1599?
37
Calculate the remainder when 178376413 is divided by 13721261.
20
What is the remainder when 1035162 is divided by 393?
0
Calculate the remainder when 23009993 is divided by 4601993.
28
What is the remainder when 7696228 is divided by 359?
345
What is the remainder when 102399 is divided by 1128?
879
What is the remainder when 193839 is divided by 9635?
1139
Calculate the remainder when 234921 is divided by 116868.
1185
Calculate the remainder when 405051 is divided by 345.
21
Calculate the remainder when 51750228 is divided by 2287.
2279
What is the remainder when 79597 is divided by 19813?
345
Calculate the remainder when 6907 is divided by 1712.
59
What is the remainder when 178742 is divided by 73?
38
What is the remainder when 186541277 is divided by 4503?
4502
Calculate the remainder when 376235867 is divided by 715.
7
What is the remainder when 1324157923 is divided by 5433?
5431
What is the remainder when 159640344 is divided by 223?
219
What is the remainder when 3100346 is divided by 78?
2
Calculate the remainder when 82224 is divided by 9135.
9
Calculate the remainder when 17095545 is divided by 4339.
4224
What is the remainder when 519750 is divided by 519311?
439
Calculate the remainder when 1595665 is divided by 626.
617
What is the remainder when 6109463 is divided by 1444?
1343
Calculate the remainder when 1226081 is divided by 94313.
12
Calculate the remainder when 7455857 is divided by 3727904.
49
What is the remainder when 4802 is divided by 167?
126
What is the remainder when 24680 is divided by 6166?
16
What is the remainder when 3651362 is divided by 1825673?
16
Calculate the remainder when 5619075 is divided by 196.
147
Calculate the remainder when 4183971 is divided by 79.
52
Calculate the remainder when 196622 is divided by 5206.
4000
What is the remainder when 18551 is divided by 341?
137
What is the remainder when 157779250 is divided by 27?
25
Calculate the remainder when 107062 is divided by 49611.
7840
Calculate the remainder when 1545022 is divided by 214.
156
Calculate the remainder when 55597 is divided by 211.
104
Calculate the remainder when 77262 is divided by 8556.
258
What is the remainder when 923955 is divided by 3833?
202
Calculate the remainder when 3328666 is divided by 1787.
1272
Calculate the remainder when 1041564509 is divided by 105.
104
What is the remainder when 56143 is divided by 44?
43
What is the remainder when 117160 is divided by 39038?
46
Calculate the remainder when 361808316 is divided by 15730796.
8
What is the remainder when 7079631 is divided by 738?
735
What is the remainder when 2688308 is divided by 224025?
8
Calculate the remainder when 72794 is divided by 10396.
22
What is the remainder when 2682452 is divided by 2774?
2768
Calculate the remainder when 10602409 is divided by 2674.
2673
Calculate the remainder when 29617558 is divided by 1176.
1174
Calculate the remainder when 8302800 is divided by 115313.
264
What is the remainder when 3952621 is divided by 1976305?
11
What is the remainder when 2322258 is divided by 1932?
1926
Calculate the remainder when 1867585 is divided by 580.
565
Calculate the remainder when 625615 is divided by 1378.
3
What is the remainder when 710499 is divided by 7?
6
What is the remainder when 31339250 is divided by 2611604?
2
What is the remainder when 1072962 is divided by 11169?
738
What is the remainder when 104160 is divided by 1986?
888
What is the remainder when 41194 is divided by 1421?
1406
Calculate the remainder when 2872940 is divided by 3412.
36
Calculate the remainder when 352790 is divided by 176381.
28
What is the remainder when 1793337 is divided by 7441?
56
What is the remainder when 450093570 is divided by 4756?
4754
Calculate the remainder when 3372251 is divided by 46.
37
What is the remainder when 4059608 is divided by 451067?
5
Calculate the remainder when 217733 is divided by 19717.
846
What is the remainder when 17754055 is divided by 727?
715
What is the remainder when 384525647 is divided by 57?
56
What is the remainder when 45152847 is divided by 150?
147
Calculate the remainder when 979081 is divided by 4032.
3337
Calculate the remainder when 16464827 is divided by 75.
2
Calculate the remainder when 28607 is divided by 1606.
1305
What is the remainder when 45374 is divided by 7047?
3092
Calculate the remainder when 39431 is divided by 3546.
425
Calculate the remainder when 90745 is divided by 88.
17
What is the remainder when 606822 is divided by 497?
482
Calculate the remainder when 434209 is divided by 144700.
109
What is the remainder when 13951277 is divided by 558051?
2
Calculate the remainder when 139176 is divided by 95.
1
What is the remainder when 25171473 is divided by 506?
503
Calculate the remainder when 228739 is divided by 5042.
1849
Calculate the remainder when 240379487 is divided by 27.
26
What is the remainder when 3912502 is divided by 39520?
22
What is the remainder when 852654 is divided by 762?
738
Calculate the remainder when 759297 is divided by 95.
57
What is the remainder when 254102 is divided b